4).
180
Let x(n) = 289*n**2 + 271*n - 762. What is x(3)?
2652
Let d(l) = -6*l**2 - 455*l - 7249. Determine d(-52).
187
Let r(y) = -170254*y + 2383556. What is r(14)?
0
Let b(j) = j**3 - 74*j**2 - 1748*j - 8. Determine b(-19).
-369
Let q(g) = 2*g**3 - 47*g**2 - 78*g + 101. Determine q(25).
26
Let w(h) = h**2 + 117*h - 590253. Calculate w(712).
-5
Let o(q) = 1080*q**2 + 680399*q - 649. Calculate o(-630).
-19
Let p(s) = 4*s**3 + 3317*s**2 + 4197*s + 47198. Calculate p(-828).
2
Let k(j) = -j**3 - 106*j**2 - 10832*j - 1126344. Determine k(-105).
-9
Let x(f) = -f**3 + 33*f**2 - 119*f - 43. Give x(16).
2405
Let d(n) = -404*n + 58001. Determine d(148).
-1791
Let q(l) = -l**2 - 271*l + 271. Determine q(1).
-1
Let z(f) = 900*f + 171924. Give z(-191).
24
Let u(v) = -1626*v - 128497. Determine u(-79).
-43
Let r(v) = 2*v**2 + 82607*v - 991566. Determine r(12).
6
Let r(p) = 41*p**2 + 49*p + 403. Give r(-7).
2069
Let j(i) = 6*i**2 - 91554*i - 549427. Give j(-6).
113
Let a(r) = -12129*r - 4. Calculate a(0).
-4
Let a(o) = -163*o - 3893. Determine a(-25).
182
Let z(h) = -5*h**3 + 151*h**2 - 65*h - 74. Determine z(30).
-1124
Let q(a) = a**3 + 26*a**2 + 23*a + 70. Give q(-8).
1038
Let u(x) = x**3 + 64*x**2 + 381*x + 84. What is u(-56)?
3836
Let q(y) = 1108*y**2 - 167302*y - 852. Determine q(151).
54
Let k(q) = -535*q - 47658. Determine k(-84).
-2718
Let b(m) = 17*m**2 - 8526*m + 13004. Determine b(500).
4
Let l(b) = -200*b**2 + 5898*b - 2867. Determine l(29).
-25
Let h(w) = 15*w**2 + 1627*w + 42864. What is h(-45)?
24
Let h(r) = -4*r**2 - 44*r - 890. What is h(-10)?
-850
Let l(i) = -1763*i - 36920. What is l(-21)?
103
Let a(k) = 134*k - 30809. Give a(237).
949
Let r(h) = -h**3 - 51*h**2 + 2004*h + 59. What is r(26)?
111
Let c(a) = 5027*a - 1960545. Give c(390).
-15
Let s(d) = -133*d**2 + 537*d + 10301. Calculate s(-7).
25
Let b(n) = 153*n**2 + 1414*n - 30. Give b(-9).
-363
Let a(w) = -2469*w + 392385. What is a(159)?
-186
Let n(z) = 2*z**2 - 102*z + 569. Calculate n(44).
-47
Let k(w) = 474*w - 10123. Calculate k(21).
-169
Let i(f) = f**2 - 55*f - 54741. What is i(266)?
1385
Let k(i) = -i**3 + 40*i**2 - 28*i - 301. Calculate k(39).
128
Let a(y) = 128206*y - 2820523. Give a(22).
9
Let z(q) = 2*q**2 + 37*q - 164. Give z(4).
16
Let v(y) = -7*y**2 - 544*y - 2063. Determine v(-4).
1
Let q(g) = 27*g**2 + 88*g - 224. What is q(-4)?
-144
Let p(y) = 5208*y + 31087. What is p(-6)?
-161
Let g(n) = 27942*n + 866208. Determine g(-31).
6
Let m(j) = -j**3 + 9*j**2 + 976*j - 8757. What is m(9)?
27
Let v(w) = -7932*w + 2078183. What is v(262)?
-1
Let u(k) = -48*k**2 - 53274*k + 375266. Determine u(7).
-4
Let q(u) = -197*u**3 + 1762*u**2 + 24*u - 19. Determine q(9).
-694
Let b(g) = -326*g + 5802. Calculate b(11).
2216
Let v(g) = 6*g**3 + 142*g**2 - 537*g + 3. Give v(-27).
-78
Let c(a) = -901*a + 30630. Calculate c(34).
-4
Let d(v) = -105*v**2 + 1672*v + 229. What is d(16)?
101
Let l(o) = 2138*o - 422. Calculate l(1).
1716
Let k(c) = -151*c + 4164. Determine k(23).
691
Let m(i) = 1201*i - 33091. Give m(28).
537
Let x(m) = m**2 - 397*m - 132344. What is x(613)?
64
Let g(f) = 1226*f**2 + 15*f - 27. Determine g(-1).
1184
Let w(u) = 101*u**3 + 8787*u**2 + 17*u + 1464. Calculate w(-87).
-15
Let t(x) = x**3 + 15*x**2 + 72*x - 114. Give t(-14).
-926
Let h(d) = -d**2 + 4808*d - 5566697. Calculate h(1943).
-2
Let x(c) = -526271*c + 4210188. What is x(8)?
20
Let w(t) = -2033*t + 18323. Determine w(9).
26
Let u(h) = -21001*h - 336008. Give u(-16).
8
Let z(c) = c**2 + 653*c - 1385483. What is z(895)?
-23
Let j(v) = 2*v**3 - 250*v**2 + 4882*v - 254. What is j(101)?
3180
Let u(f) = 913*f**2 + 37423*f - 410. Give u(-41).
0
Let o(c) = -c**3 - 1257*c**2 - 1441*c - 232358. Calculate o(-1256).
2
Let z(n) = -3136*n - 72279. Determine z(-23).
-151
Let r(j) = 10*j**2 - 375*j - 173. Give r(38).
17
Let u(m) = 4*m**3 - 224*m**2 - 89*m + 4982. Determine u(56).
-2
Let c(i) = -521*i + 70826. Calculate c(136).
-30
Let u(r) = 68*r**2 - 31237*r + 31255. What is u(1)?
86
Let m(q) = -8*q**3 - 63*q**2 - 8*q - 7. Calculate m(-8).
121
Let m(a) = a**2 + 32940*a. Determine m(0).
0
Let r(v) = 10413*v + 916317. What is r(-88)?
-27
Let k(z) = 16894*z + 185851. Give k(-11).
17
Let z(c) = -c**3 + 20*c**2 + 1356*c - 90. What is z(-29)?
1795
Let w(o) = -2*o**2 - 1466*o - 84355. What is w(-63)?
65
Let g(a) = 740*a + 53361. Determine g(-75).
-2139
Let r(p) = -2*p**2 - p - 563. Determine r(0).
-563
Let j(f) = 190*f - 109871. Determine j(578).
-51
Let k(w) = w**2 + 2*w - 7148. Determine k(83).
-93
Let f(i) = 34291*i + 788701. Calculate f(-23).
8
Let v(q) = 21529*q + 4887075. What is v(-227)?
-8
Let d(w) = -7*w**3 + 5*w**2 + 177*w - 1261. Calculate d(8).
-3109
Let h(q) = -22928*q - 68767. Give h(-3).
17
Let n(k) = k**3 + 21*k**2 + 13*k - 552. What is n(-14)?
638
Let t(n) = -n**3 + 29*n**2 - 4653*n + 140576. Give t(30).
86
Let f(q) = -2*q**3 + 20*q**2 - 61*q + 136. Give f(6).
58
Let l(q) = -184*q - 21175. Give l(-105).
-1855
Let v(k) = -1786*k + 39310. Give v(22).
18
Let g(o) = -30*o**3 - 771*o**2 + 231*o - 52. What is g(-26)?
26
Let y(x) = -x**3 + 122*x**2 - 303*x - 6627. Determine y(119).
-201
Let y(r) = -3135*r - 244043. Determine y(-78).
487
Let p(o) = o**2 - 71*o - 1315. Give p(-17).
181
Let m(d) = 3*d**2 + 44*d + 2679. What is m(-33)?
4494
Let n(k) = -k**2 - 39352*k - 2. Determine n(0).
-2
Let a(g) = 6659*g + 166457. What is a(-25)?
-18
Let v(z) = 542581*z + 3255509. What is v(-6)?
23
Let u(q) = -2936*q + 126254. Determine u(43).
6
Let u(i) = i**3 + 119*i**2 - 811*i + 364. Calculate u(6).
-2
Let k(w) = -w**3 + 44*w**2 + 145*w - 10020. Calculate k(42).
-402
Let y(f) = 2825*f - 22571. Give y(8).
29
Let m(p) = 156*p**2 - 240*p - 18. Calculate m(2).
126
Let o(b) = 8*b**3 - 28*b**2 + 33*b - 2. Calculate o(2).
16
Let p(v) = 2*v**3 + v**2 + 512*v + 2063. What is p(-4)?
-97
Let u(a) = 4*a**2 + 1157*a - 9185. Give u(-297).
22
Let x(s) = 7*s**2 + 16*s + 9. Give x(-2).
5
Let u(l) = l**3 - 7*l**2 - 1629*l + 12959. Give u(8).
-9
Let n(h) = -4*h**3 - 23*h**2 - 45*h + 62. Determine n(0).
62
Let t(x) = -2443*x + 1881111. Calculate t(770).
1
Let k(g) = 84595*g - 1945676. Give k(23).
9
Let k(j) = -11*j**2 + 815*j - 103. Give k(74).
-29
Let n(b) = 6*b**2 + 50311*b + 150826. Calculate n(-3).
-53
Let s(n) = -n**3 + 31*n**2 + 92*n + 344. Calculate s(34).
4
Let w(k) = 19*k - 51. Determine w(1).
-32
Let i(r) = -3*r**3 - 15*r**2 - 1758*r - 5207. Determine i(-3).
13
Let j(v) = 8324*v + 108297. Determine j(-13).
85
Let p(t) = -t**3 + 26*t**2 - 62*t + 93. Calculate p(9).
912
Let s(a) = -703*a + 3059. What is s(2)?
1653
Let m(a) = -11*a**2 - 2343*a - 1263. Determine m(-213).
-1263
Let n(w) = -20*w**2 - 96*w + 5914. What is n(15)?
-26
Let h(m) = -m**3 - 117*m**2 + 5532*m - 51779. Determine h(14).
-7
Let q(f) = 2*f**3 - 7*f**2 + 18*f + 72. Give q(-6).
-720
Let s(f) = -2*f**2 - 152*f - 5262. Calculate s(-48).
-2574
Let a(y) = -70*y - 8433. Give a(-117).
-243
Let r(b) = -1345*b - 108935. Determine r(-81).
10
Let t(w) = -411*w - 25836. Calculate t(-63).
57
Let b(s) = -59049*s + 3129492. Determine b(53).
-105
Let y(v) = 3*v**3 + 162*v**2 + 43*v + 2322. Determine y(-54).
0
Let v(o) = 4245*o - 5182. What is v(1)?
-937
Let b(q) = -5*q**2 + 195*q - 2876. Give b(18).
-986
Let m(u) = 3*u**2 + 1261*u - 94088. What is m(-485)?
2
Let l(z) = z**3 - 2344*z**2 - 124585*z + 285. What is l(-52)?
-79
Let z(b) = -5*b**2 + 203*b - 342. Calculate z(38).
152
Let l(x) = -x**3 + 187*x**2 + 24*x + 30793. Give l(188).
-39
Let u(f) = 48*f - 2663. Determine u(79).
1129
Let x(o) = -2*o**3 + 42*o**2 + 1773*o - 37995. Calculate x(22).
43
Let t(f) = 21*f**3 - 818*f**2 - 103*f + 2496. What is t(39)?
0
Let n(l) = -2*l**2 - 166*l + 1697. Determine n(-96).
-799
Let k(u) = 3968*u + 35720. Determine k(-9).
8
Let n(j) = -87*j**3 - 2008*j**2 - 162*j - 21. Give n(-23).
2
Let z(q) = 6*q**3 + 6247*q**2 + 1073*q + 33300. Determine z(-1041).
-12
Let t(r) = 119648*r - 598084. Determine t(5).
156
Let l(y) = 4*y**3 - 41*y**2 - 13302*y + 133113. Calculate l(10).
-7
Let l(v) = -v**3 + 82*v**2 - 1252*v - 13. Calculate l(61).
1756
Let c(u) = u**3 + 46*u**2 - 166*u - 80. What is c(-49)?
851
Let q(s) = s**3 - 312*s**2 - 1098*s + 147573. Give q(314).
-7
Let p(b) = -4*b**3 - 2*b**2 + 251*b + 28. Give p(-8).
